(13 - 9) + (-1 - -1).
0
2 + -9 + (-1 - 1 - -4)
-5
Evaluate 1 - (0 - -2 - 3).
2
Calculate -4 + (1 - -2) - -1.
0
What is -23 - -26 - (-1 - -9)?
-5
Evaluate 4 + -5 + 0 - 2.
-3
What is 5 - (1 + 1) - (26 + -23)?
0
Evaluate 19 + -16 - ((1 - 2) + 5).
-1
Evaluate 1 + 0 + (0 + 4 - 6).
-1
Evaluate -3 + (0 - 2) - -5.
0
Evaluate (7 + -3 - 5) + 1.
0
Evaluate 7 + (-2 - 6 - (9 + -11)).
1
1 + 0 + -4 + 5 + -5
-3
Calculate -3 + (7 + -13 - -3) + 0.
-6
Calculate 10 + (1 - 5) + -2.
4
What is the value of (2 + -6 - -2) + 2?
0
What is 2 - (5 + (5 - (0 + 6)))?
-2
Calculate -6 + 5 + 0 - 0.
-1
Evaluate -6 - (13 - 15 - (-2 - -6)).
0
Evaluate -3 - -1 - (4 - 5).
-1
What is -4 - (5 + 5 + -2 + -5)?
-7
Calculate -4 - 0 - (3 + 6 + -8).
-5
What is 0 + (5 - 5 - (-4 - -3))?
1
What is the value of (6 + 0 - 2) + (-44 - -34)?
-6
-197 + 202 - (-1 + 7)
-1
What is (-12 - -8) + 0 + 1?
-3
What is the value of -7 - (-1 - 4) - (9 - 14)?
3
What is the value of 4 + (-7 - 1) + 8?
4
What is -20 - (-8 + -2) - -14?
4
Evaluate (6 - (1 + 6)) + 7.
6
What is 8 - (1 + -15 - -25)?
-3
Evaluate 5 - (13 + -4 + -1).
-3
What is -1 + (3 + -3 - -2)?
1
1 + (4 - 6) + (-2 - 0)
-3
What is the value of 10 + -11 + (1 - -6)?
6
What is the value of -3 + (-2 - -4) + 2?
1
Calculate -1 + (0 + -3 - -5) - -5.
6
What is -4 + 11 + (-15 - -7)?
-1
What is -4 + 8 + 3 - 6 - -1?
2
Evaluate -4 - (0 - (1 + -2 + 3)).
-2
Calculate 1 - (3 + -2 - (8 - 4)).
4
What is the value of (-1 - -1) + (-1 - -1) + 1?
1
Evaluate -6 + 13 - (-2 - -2).
7
Evaluate 3 - (7 - (2 + -1 - 1)).
-4
Calculate 8 - (-38 + 31 + -1 + 6).
10
Evaluate -23 + 23 + -1 + 0.
-1
0 - (3 + -3 - (2 + -7))
-5
-9 + 1 + 4 + 0
-4
Evaluate -3 - ((0 - (5 + -9)) + -12).
5
Evaluate -2 + (3 - -3) - (-2 + 10).
-4
Calculate -8 - (1 + -17 + 7).
1
-3 + (-6 - (-1 - 5))
-3
What is the value of (6 - 7 - 5) + 0?
-6
What is the value of -4 + (1 - 1 - 2 - -1)?
-5
What is -14 + (-1 - -9) + -2 + 5?
-3
Evaluate -9 + -9 + 17 + 5.
4
Evaluate -1 - 0 - 7 - (-33 + 28).
-3
What is (7 - (-3 - -4)) + -3?
3
2 - (-6 + 4 + 7)
-3
Evaluate (-9 - -4) + 7 + -5 + 2.
-1
(-3 - (-5 + 2)) + 2
2
3 - (-9 - (5 - 1 - 10))
6
Evaluate (5 + -6 - -1) + -1.
-1
Calculate 94 - 87 - (-1 + (0 - -3)).
5
What is -7 - (-3 + -10) - (1 + 1)?
4
(8 - 3) + (-38 - -26)
-7
What is 10 + (12 - (7 + 18))?
-3
What is (25 - 28) + 0 + -2 + 1?
-4
Calculate 2 + (3 - 2) + (1 - 6).
-2
Calculate 0 - (-3 + (-1 - 4 - -7)).
1
What is the value of (-7 - (-3 - 1)) + 3?
0
Evaluate 2 - ((-3 - 2) + 8) - 5.
-6
Calculate 4 + (-1 - 3) - -1.
1
What is (9 - 7) + -2 + 2 + 0?
2
Evaluate (3 - (6 - 3) - 3) + 4.
1
What is the value of 8 + (-4 - -5 - 4 - 2)?
3
What is the value of (2 - 3) + -3 + 14?
10
6 + -13 + 16 + -5
4
What is (-7 - 0) + 10 + -13 + 6?
-4
What is -10 + 3 + 1 + 1?
-5
Calculate 11 + (4 - (-1 - -11)) + 4.
9
What is (2 - 3) + (-2 - -7)?
4
What is the value of (-2 - -4) + -5 + 1 + -2?
-4
What is 6 - ((4 - -1) + -5)?
6
What is the value of 1 - 5 - ((-2 - 0) + -5)?
3
Calculate (-4 - -7) + (-3 - (-3 + 8)).
-5
Evaluate (3 - 1) + (3 + 1 - 11).
-5
Calculate 0 - (0 + -4) - (24 + -24).
4
Evaluate 5 + (3 - (4 - 1)).
5
What is -7 - (-3 + (-1 - 0))?
-3
Evaluate 6 + -10 - (-4 - 1).
1
Calculate -2 + 10 + -6 + 1.
3
Evaluate (1 - 10) + (-51 - -54).
-6
What is the value of (-5 + 6 - 5) + 0 + 4?
0
Evaluate 3 - (-2 - (4 + -5)).
4
Evaluate 2 - 1 - (3 + -5) - 8.
-5
What is the value of -1 + 0 - (0 - (0 - -3))?
2
-1 + 2 + 14 + -11
4
Calculate 9 + (-14 - (-12 - 1)).
8
What is the value of -1 + 3 + (-4 - (10 - 16))?
4
Calculate (-9 - -11) + -3 - -6.
5
0 - 6 - (-28 + 26 + 4)
-8
Calculate -11 + 3 + 4 - -1.
-3
Evaluate 1 + (-2 - 3) + (-2 - -4).
-2
What is 3 + (-5 - 0) + (5 - 3)?
0
Evaluate -8 + (7 - 2) + 1.
-2
What is -2 + (-1 - (-5 - -1))?
1
What is 9 + -12 + -1 + 0?
-4
(-8 - -23) + (6 - 2 - 9)
10
0 - (-3 + -4 - 0)
7
What is -4 + (0 - (3 - (9 - 2)))?
0
What is the value of -1 - 1 - (3 + 8 - 15)?
2
What is the value of 4 - (13 + -3 + 1 + -2)?
-5
Calculate -2 + 6 + -6 - 1.
-3
What is 63 + -54 + (-1 - (-1 + 3))?
6
What is (1 - (5 + -5 + 0)) + -2?
-1
What is the value of 1 + -7 + 12 - (2 - 1)?
5
What is (0 - -5) + (7 - 1 - 12)?
-1
Calculate -4 + 5 + -4 + 0 + 0.
-3
What is (0 - 3) + (4 - (2 - -1))?
-2
Evaluate (2 - ((-6 - -3) + -4)) + -4.
5
Calculate (3 - (-2 + 8 + -3)) + -1.
-1
Calculate 1 - -2 - 1 - (-2 - 0).
4
2 + 3 - 7 - -4
2
What is the value of 2 + (2 - (-1 - -6)) + 3?
2
What is (23 - 24) + 2 + -3?
-2
What is the value of (-2 - -1) + -1 - (-25 - -27)?
-4
What is the value of 3 - (-7 - -1 - -5 - -4)?
0
Calculate (-1 - 4 - -2) + (-1 - -5).
1
Evaluate (-6 - (1 - (-6 + 7))) + 10.
4
Calculate 1 + (1 + -1 - (-12 - -11)).
2
Evaluate 3 - (0 - 1 - -2 - 2).
4
What is 4 - (4 + 1 - -2)?
-3
What is the value of -4 + 4 + (3 + -5 - 0)?
-2
Calculate -11 + 7 - (3 + -4 + 0).
-3
What is the value of -10 + (-9 - -17) - -11?
9
(9 + -27 - -12) + 7
1
Calculate -2 + 1 - (4 + -3 + 0).
-2
What is the value of -1 - (-13 + 6 + 3 + 0)?
3
(-4 - (-3 - 1)) + 0
0
Evaluate 15 - 31 - (-1 - 8).
-7
Calculate (9 - (23 + 0)) + 7.
-7
-1 - -4 - -1 - -1
5
Calculate (1 - 6) + 32 + -26.
1
What is the value of (15 - 9) + 5 + -9?
2
Evaluate (14 - 7) + (-5 - -2).
4
-5 + (-2 - -2) - (3 - 7)
-1
What is 5 + (6 - (-6 - -12))?
5
Calculate (3 - 9 - -8) + (-4 - 0).
-2
45 - 47 - (-2 + 1 - 5)
4
Calculate -15 + 11 - (-6 + 3) - 4.
-5
What is the value of 7 - (-13 + 6 + 9)?
5
What is 4 + (2 - (3 + 1))?
2
Evaluate -2 - -9 - (2 - -5).
0
What is -15 - -5 - (-4 - 2)?
-4
What is the value of -3 - ((2 - -2) + -4)?
-3
Evaluate (-9 - -5) + 6 - 0.
2
6 - (2 - (-2 - (3 - 4)))
3
Calculate 2 + 0 + 4 + -12 + 2.
-4
What is the value of (0 - (-7 - -6)) + -1?
0
-6 - 2 - ((5 - 3) + -9)
-1
What is 6 + (-1 + -7 - 2)?
-4
2 - (-2 + 3 + 2 + -4)
3
Evaluate 7 + -4 - (-2 + 10 - 3).
-2
Evaluate -1 - (-4 - -4 - 4).
3
What is (-5 - (-1 - (2 - 0))) + 4?
2
Evaluate -1 - 5 - -3 - (16 + -20).
1
Evaluate -1 + -6 + 17 + -8.
2
Calculate -2 + -14 + 3 - -11.
-2
What is the value of -1 - 7 - (38 + -41) - -5?
0
What is (-29 - -27) + 3 + 1 + 1?
3
Calculate (2 + -6 - (-2 + -3)) + -5.
-4
What is the value of 0 + 4 - (-6 + (-12 - -24))?
-2
What is the value of (0 - 2) + 4 + -4 + -2?
-4
Evaluate 11 + (-6 - -4) + -4.
5
Evaluate (55 - 43) + (-6 - 1).
5
What is the value of (-5 + 5 - -1) + -3?
-2
Evaluate -12 + -2 + 7 - -11.
4
Calculate -1 + 4 + (-12 - -8 - 5).
-6
What is the value of 4 + 5 + -1 - 6?
2
What is the value of 40 - 40 - (-3 - (-1 - -2))?
4
0 + (-13 - (-4 + -2))
-7
What is the value of (8 - 7) + -7 + 1?
-5
-1 - (-1 + -3) - -1 - 3
1
Calculate 2 - (3 + (-8 - (-9 + 4))).
2
What is the value of 11 + (-14 - -3) + (2 - 4)?
-2
Calculate 12 - (-3 - -6) - 2.
7
-15 - -14 - (2 - -2)
-5
What is the value of (7 - (15 - 2)) + 10?
4
5 + (7 - 4 - 7)
1
Calculate 8 + -13 + 6 + -8.
-7
What is -26 + 25 - (1 + -6) - 1?
3
What is the value of 5 + 3 + 7 + -10?
5
Evaluate -6 - (0 - 1 - (-14 + 19)).
0
Evaluate (-5 - (-1 + -3)) + 4 + -6.
-3
What is 0 - (12 - 2) - -5?
-5
Evaluate -3 + -3 + 3 + 0 + 4.
1
Evaluate 1 + 0 - (-5 + 6) - 1.
-1
Evaluate -2 - (4 + -4 + -1).
-1
What is 15 + -19 - (1 + (-8 - 1))?
4
-5 - (0 - 1) - -3
-1
15 - (-4 + 11) - 7
1
What is (-4 - 1) + (15 - 7)?
3
Calculate (-17 - -11) + (4 + -1 - 0).
-3
(1 - 0) + (4 - 3) + 1
3
2 + (-1 - -1) - (3 - 6)
5
0 - (3 - (0 + (0 - -1)))
-2
What is the value of 9 + -5 - (-5 - -1 - -3)?
5
Evaluate 1 - ((2 - 0) + 4).
-5
What is -130 + 137 + (-16 - -2 - -1)?
-6
Evaluate (2 - 8) + (5 - -2) + 3.
4
1 + (4 - 6) + 3
2
Calculate -13 - -21 - 5 - (1 - 0).
2
4 - (5 - (-6 + 3 + 7))
3
What is -7 - -10 - 0 - (1 + -3)?
5
What is -13 + 14 + 3 + -5?
-1
What is the value of 5 + (-20 - -5) + 7?
-3
0 - ((-2 + -2 - -5) + -1)
0
Evaluate (67 - 64) + (-11 - 2).
-10
What is (0 - -1) + (4 - 5 - 1)?
-1
Evaluate 1 + 4 - (62 + -57).
0
What is 22 - 17 - (1 - -2)?
2
Calculate -1 - -3 - (2 - 5).
5
What is (2 - 2 - 0) + -2 + -3?
-5
What is -5 - 1 - (5 + 2 + -7)?
-6
Evaluate -1 + -4 - (-12 + 0) - 1.
6
What is the value of 2 - 5 - -1 - -2?
0
Calculate (1 + -3 - 2) + -1 + 6.
1
What is 6 - (3 + 2 + -3 - -4)?
0
-11 - (13 + 4 + -11 - 14)
-3
What is 0 + (-3 + 2 - (2 + 0))?
-3
Calculate -37 - -38 - (0 + 1).
0
What is 4 + (-1 - -2) + -6 + -1?
-2
What is the value of -6 + 5 + (4 - 1) + 0?
2
Calculate -2 + 0 + -3 + 8.
3
What is 11 + -19 - -4 - (1 - 0)?
-5
1 - (1 - 0) - (-1 + 2)
-1
Wh